{"id":18795,"date":"2020-07-17T08:02:30","date_gmt":"2020-07-17T08:02:30","guid":{"rendered":"http:\/\/esorib.com\/?page_id=18795"},"modified":"2021-06-08T10:59:40","modified_gmt":"2021-06-08T10:59:40","slug":"cursos-subvencionados","status":"publish","type":"page","link":"http:\/\/esorib.com\/index.php\/formacion-y-masteres\/cursos-subvencionados\/","title":{"rendered":"Cursos subvencionados"},"content":{"rendered":"<p>[vc_row css_animation=\u00bb\u00bb row_type=\u00bbrow\u00bb use_row_as_full_screen_section=\u00bbno\u00bb type=\u00bbfull_width\u00bb angled_section=\u00bbno\u00bb text_align=\u00bbleft\u00bb background_image_as_pattern=\u00bbwithout_pattern\u00bb][vc_column][vc_row_inner row_type=\u00bbrow\u00bb type=\u00bbfull_width\u00bb text_align=\u00bbleft\u00bb css_animation=\u00bb\u00bb][vc_column_inner width=\u00bb1\/4&#8243;][vc_column_text]<\/p>\n<h5><span style=\"color: #333333;\"><strong>Escuela de\u00a0<\/strong><strong>Formaci\u00f3n de T\u00e9cnicos Superiores en Pr\u00f3tesis Dental\u00a0<\/strong><strong>ESORIB<\/strong><\/span><\/h5>\n<hr \/>\n<p><span style=\"color: #000000;\">Centro de Formaci\u00f3n Autorizado por la Conseller\u00eda de Educaci\u00f3n para impartir cursos dirigidos prioritariamente a trabajadores ocupados y aut\u00f3nomos, y 100% subvencionados por el Servicio P\u00fablico de Empleo Estatal o los Servicios de Empleo auton\u00f3micos.<\/span><\/p>\n<hr \/>\n<p><span style=\"color: #000000;\">C\/ R\u00edo Adra, 32 bajo. 12002-Castell\u00f3n.<\/span>[\/vc_column_text][vc_empty_space height=\u00bb15px\u00bb][vc_gmaps link=\u00bb#E-8_JTNDaWZyYW1lJTIwc3JjJTNEJTIyaHR0cHMlM0ElMkYlMkZ3d3cuZ29vZ2xlLmNvbSUyRm1hcHMlMkZlbWJlZCUzRnBiJTNEJTIxMW0xOCUyMTFtMTIlMjExbTMlMjExZDEwMjg0LjAwOTU3NTQwMDI0OSUyMTJkLTAuMDUzOTQ5NTE5NDg4MjgwNzclMjEzZDM5Ljk3NTk1MDk0MzQ5NDE2JTIxMm0zJTIxMWYwJTIxMmYwJTIxM2YwJTIxM20yJTIxMWkxMDI0JTIxMmk3NjglMjE0ZjEzLjElMjEzbTMlMjExbTIlMjExczB4ZDYwMDA5ZjIwNDA3N2VmJTI1M0EweDU5NjUwMTJlOGY0ZWRlYmQlMjEyc0NhcnJlciUyQmRlbCUyQlJpdSUyQkFkcmElMjUyQyUyQjMyJTI1MkMlMkIxMjAwNiUyQkNhc3RlbGwlMjVDMyUyNUIzJTJCZGUlMkJsYSUyQlBsYW5hJTI1MkMlMkJDYXN0ZWxsJTI1QzMlMjVCMyUyMTVlMCUyMTNtMiUyMTFzZXMlMjEyc2VzJTIxNHYxNTAxNDg4MDEwMzUzJTIyJTIwd2lkdGglM0QlMjI2MDAlMjIlMjBoZWlnaHQlM0QlMjIzMDAlMjIlMjBmcmFtZWJvcmRlciUzRCUyMjAlMjIlMjBzdHlsZSUzRCUyMmJvcmRlciUzQTAlMjIlMjBhbGxvd2Z1bGxzY3JlZW4lM0UlM0MlMkZpZnJhbWUlM0U=\u00bb][\/vc_column_inner][vc_column_inner width=\u00bb3\/4&#8243;][vc_column_text]<\/p>\n<h3>CURSOS SUBVENCIONADOS<\/h3>\n<p>[\/vc_column_text][vc_separator type=\u00bbnormal\u00bb color=\u00bb#adadad\u00bb thickness=\u00bb8&#8243;][vc_empty_space height=\u00bb15px\u00bb][vc_column_text]<\/p>\n<h3><span style=\"font-size: 16pt;\"><strong><span style=\"color: #008000;\">Curso Presencial<\/span><\/strong><\/span><\/h3>\n<p>[\/vc_column_text][vc_empty_space height=\u00bb10px\u00bb][vc_column_text]<\/p>\n<h4>10 de julio de 2021<\/h4>\n<p><span style=\"font-size: 16pt;\"><strong><span style=\"color: #008000;\">Curso Te\u00f3rico-Pr\u00e1ctico para el uso de Rellenos intrad\u00e9rmicos<br \/>\na base de \u00c1cido Hialur\u00f3nico<br \/>\n<\/span><\/strong><\/span>[\/vc_column_text][vc_empty_space height=\u00bb15px\u00bb][vc_single_image image=\u00bb18901&#8243; img_size=\u00bblarge\u00bb onclick=\u00bbcustom_link\u00bb img_link_target=\u00bb_blank\u00bb qode_css_animation=\u00bb\u00bb link=\u00bbhttp:\/\/esorib.com\/wp-content\/uploads\/2021\/06\/Curso-A\u0301cido-Hialuro\u0301nico-2021_.jpg\u00bb][vc_empty_space height=\u00bb15px\u00bb][vc_separator type=\u00bbnormal\u00bb color=\u00bb#adadad\u00bb thickness=\u00bb8&#8243;][vc_column_text]<\/p>\n<h1><span style=\"font-size: 16pt;\"><strong><span style=\"color: #008000;\">Curso Presencial de Excel<\/span><\/strong><\/span><\/h1>\n<p>[\/vc_column_text][vc_column_text]<span style=\"color: #333333;\"><img loading=\"lazy\" class=\"alignnone size-medium wp-image-18875\" src=\"http:\/\/esorib.com\/wp-content\/uploads\/2021\/03\/LOGO-EXCEL-300x295.png\" alt=\"\" width=\"300\" height=\"295\" \/><\/span>[\/vc_column_text][vc_empty_space height=\u00bb15px\u00bb][vc_column_text]<\/p>\n<h4><span style=\"color: #339966;\">Nivel B\u00e1sico 20 horas | Nivel Medio 20 horas | Nivel avanzado 20 horas<\/span><\/h4>\n<p>El curso es totalmente pr\u00e1ctico ya que todas las sesiones se impartir\u00e1n con ordenador individual en el aula de inform\u00e1tica, trabajando con Excel 2010. A los asistentes se les facilitar\u00e1n modelos de hojas de Excel que podr\u00e1n utilizar en su actividad profesional. A lo largo del curso se realizar\u00e1n numerosos casos pr\u00e1cticos.<\/p>\n<p>&nbsp;<\/p>\n<p><span style=\"color: #333333;\">Plazas limitadas. Tel. 964251057 | whatsapp: 628725043<\/span>[\/vc_column_text][vc_empty_space height=\u00bb15px\u00bb][vc_single_image image=\u00bb18907&#8243; img_size=\u00bblarge\u00bb qode_css_animation=\u00bb\u00bb][vc_empty_space height=\u00bb15px\u00bb][vc_separator type=\u00bbnormal\u00bb color=\u00bb#adadad\u00bb thickness=\u00bb8&#8243;][vc_column_text]<\/p>\n<h1><span style=\"font-size: 16pt;\"><strong><span style=\"color: #008000;\">Curso One to One (Online o presencial) de EXOCAD<\/span><\/strong><\/span><\/h1>\n<p>[\/vc_column_text][vc_column_text]<span style=\"color: #333333;\"><img loading=\"lazy\" class=\"alignnone size-medium wp-image-18870\" src=\"http:\/\/esorib.com\/wp-content\/uploads\/2021\/03\/exoCAD-300x135.jpg\" alt=\"\" width=\"300\" height=\"135\" srcset=\"http:\/\/esorib.com\/wp-content\/uploads\/2021\/03\/exoCAD-300x135.jpg 300w, http:\/\/esorib.com\/wp-content\/uploads\/2021\/03\/exoCAD-768x346.jpg 768w, http:\/\/esorib.com\/wp-content\/uploads\/2021\/03\/exoCAD-1024x461.jpg 1024w, http:\/\/esorib.com\/wp-content\/uploads\/2021\/03\/exoCAD-700x315.jpg 700w, http:\/\/esorib.com\/wp-content\/uploads\/2021\/03\/exoCAD.jpg 1060w\" sizes=\"(max-width: 300px) 100vw, 300px\" \/><\/span>[\/vc_column_text]<div class=\"image_with_text\"><img src=\"http:\/\/esorib.com\/wp-content\/uploads\/2021\/03\/niveles-exocad.jpg\" alt=\"\" \/><h3 ><\/h3><span style=\"margin: 6px 0px;\" class=\"separator transparent\"><\/span><span style=\"color: #333333;\">Plazas limitadas.\u00a0Tel. 964251057 | whatsapp: 628725043<\/span><\/div>[vc_empty_space height=\u00bb25px\u00bb][vc_separator type=\u00bbnormal\u00bb color=\u00bb#adadad\u00bb thickness=\u00bb8&#8243;][vc_empty_space height=\u00bb15px\u00bb][vc_column_text]<\/p>\n<h1><span style=\"font-size: 16pt;\"><strong><span style=\"color: #008000;\">Curso On-line de Prevenci\u00f3n del Covid-19 en la cl\u00ednica dental<\/span><\/strong><\/span><\/h1>\n<h1><img loading=\"lazy\" class=\"alignnone wp-image-18803\" style=\"font-size: 16px;\" src=\"http:\/\/esorib.com\/wp-content\/uploads\/2020\/07\/doctor-5211910_640-300x206.jpg\" alt=\"\" width=\"400\" height=\"275\" srcset=\"http:\/\/esorib.com\/wp-content\/uploads\/2020\/07\/doctor-5211910_640-300x206.jpg 300w, http:\/\/esorib.com\/wp-content\/uploads\/2020\/07\/doctor-5211910_640.jpg 640w\" sizes=\"(max-width: 400px) 100vw, 400px\" \/><\/h1>\n<p><span style=\"color: #333333;\">Medidas y protocolos de prevenci\u00f3n frente al Covid-19 a aplicar en una cl\u00ednica dental.\u00a0<\/span><\/p>\n<p><span style=\"color: #333333;\">Plazas limitadas.\u00a0Tel. 964251057 | whatsapp: 628725043<\/span><\/p>\n<p>&nbsp;<\/p>\n<h4><strong><span style=\"color: #333333;\">CONTENIDOS<\/span><\/strong><\/h4>\n<hr \/>\n<p>&nbsp;<\/p>\n<h6><span style=\"color: #333333;\">M\u00d3DULO 1<\/span><\/h6>\n<ul>\n<li>\u00bfQu\u00e9 es un virus?<\/li>\n<li>\u00bfQu\u00e9 es una bacteria?<\/li>\n<li><span style=\"color: #333333;\">Concepto de riesgos biol\u00f3gicos asociado a la salud ocupacional.<\/span><\/li>\n<li><span style=\"color: #333333;\">Accidente biol\u00f3gico, agentes biol\u00f3gicos, clasificaci\u00f3n de los agentes biol\u00f3gicos. Modelos de aparici\u00f3n de enfermedades causadas por agentes biol\u00f3gicos.<\/span><\/li>\n<li><span style=\"color: #333333;\">Niveles de acci\u00f3n preventiva (OMS).<\/span><\/li>\n<li><span style=\"color: #333333;\">Riesgos profesionales por agentes biol\u00f3gicos.<\/span><\/li>\n<li><span style=\"color: #333333;\">V\u00edas y mecanismos de transmisi\u00f3n de los agentes biol\u00f3gicos en la pr\u00e1ctica odontol\u00f3gica. Condiciones para que se produzca una infecci\u00f3n dentro del consultorio odontol\u00f3gico. Infecci\u00f3n cruzada.<\/span><\/li>\n<li><span style=\"color: #333333;\">Principales enfermedades infecciosas en la cl\u00ednica dental: cuadro cl\u00ednico, v\u00edas Hepatitis viral (B, C, D).<\/span><\/li>\n<li><span style=\"color: #333333;\">Virus de la inmunodeficiencia humana.<\/span><\/li>\n<li><span style=\"color: #333333;\">Tuberculosis.<\/span><\/li>\n<li><span style=\"color: #333333;\">SARS, COV-2 (COVID-19).<\/span><\/li>\n<\/ul>\n<p>&nbsp;<\/p>\n<h6><span style=\"color: #333333;\">M\u00d3DULO 2<\/span><\/h6>\n<ul>\n<li><span style=\"color: #333333;\">Bioseguridad en Odontolog\u00eda. Objetivos de la Bioseguridad en Odontolog\u00eda.<\/span><\/li>\n<li><span style=\"color: #333333;\">Condiciones de bioseguridad que deben existir en la cl\u00ednica dental.<\/span><\/li>\n<li><span style=\"color: #333333;\">Medidas b\u00e1sicas de prevenci\u00f3n contra las infecciones transmisibles.<\/span><\/li>\n<li><span style=\"color: #333333;\">Precauciones universales y precauciones est\u00e1ndar.<\/span><\/li>\n<li><span style=\"color: #333333;\">Precauciones con base en el mecanismo de la transmisi\u00f3n.<\/span><\/li>\n<li><span style=\"color: #333333;\">Medidas de protecci\u00f3n para prevenir las infecciones en la cl\u00edn\u00edca odontol\u00f3gica.<\/span><\/li>\n<li><span style=\"color: #333333;\">Manejo de residuos contaminados.<\/span><\/li>\n<\/ul>\n<p>&nbsp;<\/p>\n<h6><span style=\"color: #333333;\">MODULO 3<\/span><\/h6>\n<ul>\n<li><span style=\"color: #333333;\">Procesamiento del instrumental en la clinica odontol\u00f3gica. M\u00e9todos de eliminaci\u00f3n de microorganismos. Esterilizaci\u00f3n. Desinfecci\u00f3n.<\/span><\/li>\n<li><span style=\"color: #333333;\">Procesamiento de equipos y superficies en la consulta odontol\u00f3gica.<\/span><\/li>\n<li><span style=\"color: #333333;\">Procesamiento de los componentes del EPI m\u00e1s empleados en la consulta dental.<\/span><\/li>\n<li><span style=\"color: #333333;\">Medidas complementarias a cumplir cuando trabaja con el paciente.<\/span><\/li>\n<li><span style=\"color: #333333;\">Uso de antis\u00e9pticos en Odontolog\u00eda.<\/span><\/li>\n<li><span style=\"color: #333333;\">Protocolo a seguir frente a la exposici\u00f3n accidental.<\/span><\/li>\n<li><span style=\"color: #333333;\">Vigilancia de la salud de los trabajadores expuesto a los riesgos biol\u00f3gicos.<\/span><\/li>\n<\/ul>\n<p>[\/vc_column_text][vc_raw_html]JTNDYSUyMG5hbWUlM0QlMjJTSElOSU5HM0QlMjIlM0U=[\/vc_raw_html][vc_btn title=\u00bbFormulario de inscripci\u00f3n\u00bb color=\u00bbpeacoc\u00bb size=\u00bbxs\u00bb align=\u00bbright\u00bb link=\u00bb||target:%20_blank|\u00bb][vc_empty_space height=\u00bb15px\u00bb][vc_separator type=\u00bbnormal\u00bb color=\u00bb#adadad\u00bb thickness=\u00bb8&#8243;][vc_empty_space height=\u00bb15px\u00bb][vc_column_text]<span style=\"font-size: 16pt;\"><strong><span style=\"color: #008000;\">SHINING 3D &#8211; AoralScan intraoral scanner. 26 septiembre 2020<\/span><\/strong><\/span><\/p>\n<p><img loading=\"lazy\" class=\"alignnone wp-image-18802\" src=\"http:\/\/esorib.com\/wp-content\/uploads\/2020\/07\/Scanner-Shining-web-300x117.jpg\" alt=\"\" width=\"400\" height=\"155\" srcset=\"http:\/\/esorib.com\/wp-content\/uploads\/2020\/07\/Scanner-Shining-web-300x117.jpg 300w, http:\/\/esorib.com\/wp-content\/uploads\/2020\/07\/Scanner-Shining-web.jpg 600w\" sizes=\"(max-width: 400px) 100vw, 400px\" \/><\/p>\n<p><span style=\"color: #333333;\">Tel. 964251057 | whatsapp: 628725043<\/span>[\/vc_column_text][vc_btn title=\u00bbFormulario de inscripci\u00f3n\u00bb color=\u00bbpeacoc\u00bb size=\u00bbxs\u00bb align=\u00bbright\u00bb link=\u00bb||target:%20_blank|\u00bb][vc_empty_space height=\u00bb15px\u00bb][vc_separator type=\u00bbnormal\u00bb color=\u00bb#adadad\u00bb thickness=\u00bb8&#8243;][vc_empty_space height=\u00bb15px\u00bb][\/vc_column_inner][\/vc_row_inner][vc_empty_space height=\u00bb60px\u00bb][\/vc_column][\/vc_row]<\/p>\n","protected":false},"excerpt":{"rendered":"<p>[vc_row css_animation=\u00bb\u00bb row_type=\u00bbrow\u00bb use_row_as_full_screen_section=\u00bbno\u00bb type=\u00bbfull_width\u00bb angled_section=\u00bbno\u00bb text_align=\u00bbleft\u00bb background_image_as_pattern=\u00bbwithout_pattern\u00bb][vc_column][vc_row_inner row_type=\u00bbrow\u00bb type=\u00bbfull_width\u00bb text_align=\u00bbleft\u00bb css_animation=\u00bb\u00bb][vc_column_inner width=\u00bb1\/4&#8243;][vc_column_text] Escuela de\u00a0Formaci\u00f3n de T\u00e9cnicos Superiores en Pr\u00f3tesis Dental\u00a0ESORIB Centro de Formaci\u00f3n Autorizado por la Conseller\u00eda de Educaci\u00f3n para impartir cursos dirigidos prioritariamente a trabajadores ocupados y aut\u00f3nomos, y 100% subvencionados por el&#8230;<\/p>\n","protected":false},"author":6,"featured_media":0,"parent":16544,"menu_order":0,"comment_status":"closed","ping_status":"closed","template":"","meta":[],"_links":{"self":[{"href":"http:\/\/esorib.com\/index.php\/wp-json\/wp\/v2\/pages\/18795"}],"collection":[{"href":"http:\/\/esorib.com\/index.php\/wp-json\/wp\/v2\/pages"}],"about":[{"href":"http:\/\/esorib.com\/index.php\/wp-json\/wp\/v2\/types\/page"}],"author":[{"embeddable":true,"href":"http:\/\/esorib.com\/index.php\/wp-json\/wp\/v2\/users\/6"}],"replies":[{"embeddable":true,"href":"http:\/\/esorib.com\/index.php\/wp-json\/wp\/v2\/comments?post=18795"}],"version-history":[{"count":35,"href":"http:\/\/esorib.com\/index.php\/wp-json\/wp\/v2\/pages\/18795\/revisions"}],"predecessor-version":[{"id":18911,"href":"http:\/\/esorib.com\/index.php\/wp-json\/wp\/v2\/pages\/18795\/revisions\/18911"}],"up":[{"embeddable":true,"href":"http:\/\/esorib.com\/index.php\/wp-json\/wp\/v2\/pages\/16544"}],"wp:attachment":[{"href":"http:\/\/esorib.com\/index.php\/wp-json\/wp\/v2\/media?parent=18795"}],"curies":[{"name":"wp","href":"https:\/\/api.w.org\/{rel}","templated":true}]}}