 {"id":17306,"date":"2017-08-10T11:30:46","date_gmt":"2017-08-10T11:30:46","guid":{"rendered":"http:\/\/esorib.com\/?page_id=17306"},"modified":"2025-10-31T11:59:25","modified_gmt":"2025-10-31T11:59:25","slug":"inicio","status":"publish","type":"page","link":"https:\/\/esorib.com\/","title":{"rendered":"Inicio"},"content":{"rendered":"<p>[vc_row css_animation=\u00bb\u00bb row_type=\u00bbrow\u00bb use_row_as_full_screen_section=\u00bbno\u00bb type=\u00bbfull_width\u00bb angled_section=\u00bbno\u00bb text_align=\u00bbleft\u00bb background_image_as_pattern=\u00bbwithout_pattern\u00bb][vc_column][vc_column_text]<\/p>\n\r\n<div class=\"vce-row-container\" data-vce-boxed-width=\"true\">\r\n<div id=\"el-d1411ff6\" class=\"vce-row vce-row--col-gap-30 vce-row-equal-height vce-row-content--top\" data-vce-do-apply=\"all el-d1411ff6\">\r\n<div class=\"vce-row-content\" data-vce-element-content=\"true\">\r\n\r\n\r\n<div id=\"el-0e769d13\" class=\"vce-col vce-col--md-auto vce-col--xs-1 vce-col--xs-last vce-col--xs-first vce-col--sm-last vce-col--sm-first vce-col--md-last vce-col--lg-last vce-col--xl-last vce-col--md-first vce-col--lg-first vce-col--xl-first\">\r\n<div class=\"vce-col-inner\" data-vce-do-apply=\"border margin background el-0e769d13\">\r\n<div class=\"vce-col-content\" data-vce-element-content=\"true\" data-vce-do-apply=\"padding el-0e769d13\">\r\n\r\n\r\n<div class=\"vce-text-block\">\r\n<div id=\"el-5cb7de80\" class=\"vce-text-block-wrapper vce\" data-vce-do-apply=\"all el-5cb7de80\">\r\n\r\n[vc_row css_animation=\"\" row_type=\"row\" use_row_as_full_screen_section=\"no\" type=\"full_width\" angled_section=\"no\" text_align=\"left\" background_image_as_pattern=\"without_pattern\" padding_top=\"80\" padding_bottom=\"80\" css=\".vc_custom_1502440921231{background-image: url(http:\/\/esorib.com\/wp-content\/uploads\/2017\/08\/prueba-2-1.jpg?id=17330) !important;}\"][vc_column][vc_row_inner row_type=\"row\" type=\"grid\" text_align=\"left\" css_animation=\"element_from_bottom\" transition_delay=\"1000\"][vc_column_inner width=\"3\/4\"][vc_column_text css=\".vc_custom_1562752342798{padding-right: 50px !important;padding-left: 50px !important;}\"]<script data-cfasync=\"false\" type=\"text\/javascript\">var lsjQuery = jQuery;<\/script><script data-cfasync=\"false\" type=\"text\/javascript\"> lsjQuery(document).ready(function() { if(typeof lsjQuery.fn.layerSlider == \"undefined\") { lsShowNotice('layerslider_7','jquery'); } else { lsjQuery(\"#layerslider_7\").layerSlider({navPrevNext: false, navStartStop: false, navButtons: false, showCircleTimer: false, yourLogoStyle: 'left: 10px; top: 10px;', skinsPath: 'https:\/\/esorib.com\/wp-content\/plugins\/LayerSlider\/static\/skins\/'}) } }); <\/script><div id=\"layerslider_7\" class=\"ls-wp-container\" style=\"width:720px;height:480px;margin:0 auto;margin-bottom: 0px;\"><div class=\"ls-slide\" data-ls=\"slidedelay:5000; transition2d: all;\"><p class=\"ls-l\" style=\"top:50px;left:0px; text-shadow: #999999 2px 3px; font-family: tahoma, arial, helvetica, sans-serif; line-height: 110%;padding-top:10px;padding-right:5px;padding-bottom:10px;padding-left:5px;font-family:bt ;font-size:70px;line-height:80px;color:#ffffff;border-radius:30px;\" data-ls=\"durationin:2000;\">European School of Oral Rehabilitation, Implantology and Biomaterials<\/p><a href=\"http:\/\/esorib.com\/index.php\/formacion-y-masteres\/masteres\" target=\"_self\" class=\"ls-link\"><\/a><\/div><div class=\"ls-slide\" data-ls=\"slidedelay:8000; transition2d: all;\"><img class=\"ls-l\" style=\"top:0px;left:0px;width:624px;white-space: nowrap;\" src=\"https:\/\/esorib.com\/wp-content\/plugins\/LayerSlider\/static\/img\/blank.gif\" data-src=\"https:\/\/esorib.com\/wp-content\/uploads\/2021\/06\/MASTER_Implantes_21-22-RGB.jpg\" alt=\"\"><a href=\"http:\/\/esorib.com\/index.php\/formacion-y-masteres\/master-en-implantologia-y-rehabilitacion-oral\/\" target=\"_self\" class=\"ls-link\"><\/a><\/div><div class=\"ls-slide\" data-ls=\"slidedelay:5000; transition2d: all;\"><p class=\"ls-l\" style=\"top:50px;left:0px; text-shadow: #999999 2px 3px; font-family: tahoma, arial, helvetica, sans-serif; line-height: 110%;padding-top:10px;padding-right:5px;padding-bottom:10px;padding-left:5px;font-family:bt;font-size:55px;line-height:70px;color:#ffffff;border-radius:30px;\" data-ls=\"delayin:500;transformoriginin:50% 1500px 0;\">M\u00e1ster en Ortodoncia<\/p><p class=\"ls-l\" style=\"top:120px;left:0px; text-shadow: #999999 2px 3px; font-family: tahoma, arial, helvetica, sans-serif; line-height: 110%;padding-top:10px;padding-right:5px;padding-bottom:10px;padding-left:5px;font-family:bt;font-size:55px;line-height:70px;color:#ffffff;border-radius:30px;\" data-ls=\"durationin:3000;transformoriginin:50% 1500px 0;\">M\u00e1ster en Oclusi\u00f3n<\/p><p class=\"ls-l\" style=\"top:190px;left:0px; text-shadow: #999999 2px 3px; font-family: tahoma, arial, helvetica, sans-serif; line-height: 110%;padding-top:10px;padding-right:5px;padding-bottom:10px;padding-left:5px;font-family:bt;font-size:55px;line-height:70px;color:#ffffff;border-radius:30px;\" data-ls=\"durationin:4000;transformoriginin:50% 1500px 0;\">M\u00e1ster en Implantolog\u00eda<\/p><p class=\"ls-l\" style=\"top:260px;left:0px; text-shadow: #999999 2px 3px; font-family: tahoma, arial, helvetica, sans-serif; line-height: 110%;padding-top:10px;padding-right:5px;padding-bottom:10px;padding-left:5px;font-family:bt;font-size:55px;line-height:70px;color:#ffffff;white-space: nowrap;\" data-ls=\"durationin:5000;transformoriginin:50% 1500px 0;\">Grupos de Estudio<\/p><\/div><div class=\"ls-slide\" data-ls=\"slidedelay:8000; transition2d: all;\"><img class=\"ls-l\" style=\"top:0px;left:0px;width:624px;white-space: nowrap;\" src=\"https:\/\/esorib.com\/wp-content\/plugins\/LayerSlider\/static\/img\/blank.gif\" data-src=\"https:\/\/esorib.com\/wp-content\/uploads\/2021\/06\/MASTER_Oclusio\u0301n_21-22-RBG.jpg\" alt=\"\"><a href=\"http:\/\/esorib.com\/index.php\/formacion-y-masteres\/master-en-oclusion-y-prostodoncia\/\" target=\"_self\" class=\"ls-link\"><\/a><\/div><div class=\"ls-slide\" data-ls=\"slidedelay:8000; transition2d: all;\"><img class=\"ls-l\" style=\"top:0px;left:0px;width:456px;white-space: nowrap;\" src=\"https:\/\/esorib.com\/wp-content\/plugins\/LayerSlider\/static\/img\/blank.gif\" data-src=\"https:\/\/esorib.com\/wp-content\/uploads\/2021\/06\/Master-de-Ortodoncia-web.jpg\" alt=\"\"><a href=\"http:\/\/esorib.com\/index.php\/formacion-y-masteres\/master-en-ortodoncia\/\" target=\"_self\" class=\"ls-link\"><\/a><\/div><\/div>[\/vc_column_text][vc_column_inner width=\"1\/4\"][vc_btn title=\"LAST NEWS\" color=\"mulled-wine\" size=\"xs\" align=\"right\" button_block=\"true\" link=\"url:http%3A%2F%2Fesorib.com%2Findex.php%2Flast-news%2F|||\" css=\".vc_custom_1517823353396{padding-right: 20px !important;padding-left: 20px !important;}\"][vc_empty_space height=\"100px\"][vc_btn title=\"T\u00c9C. SUP. PR\u00d3TESIS DENTAL\" color=\"green\" size=\"sm\" align=\"left\" button_block=\"true\" css=\".vc_custom_1644396635001{padding-right: 20px !important;padding-left: 20px !important;}\" link=\"url:http%3A%2F%2Fesorib.com%2Findex.php%2Fformacion-y-masteres%2Ftecnico-superior-en-protesis-dentales%2F|||\"][vc_btn title=\"CURSOS SUBVENCIONADOS\" color=\"green\" size=\"sm\" align=\"left\" button_block=\"true\" link=\"url:http%3A%2F%2Fesorib.com%2Findex.php%2Fformacion-y-masteres%2Fcursos-subvencionados|||\" css=\".vc_custom_1594972913153{padding-right: 20px !important;padding-left: 20px !important;}\"][\/vc_column_inner][\/vc_column][\/vc_row][vc_row css_animation=\"\" row_type=\"row\" use_row_as_full_screen_section=\"no\" type=\"full_width\" angled_section=\"no\" text_align=\"left\" background_image_as_pattern=\"without_pattern\" padding_top=\"4\" css=\".vc_custom_1502368608484{background-color: #4aa775 !important;}\"][vc_column][\/vc_column][\/vc_row][vc_row css_animation=\"\" row_type=\"row\" use_row_as_full_screen_section=\"no\" type=\"full_width\" angled_section=\"no\" text_align=\"left\" background_image_as_pattern=\"without_pattern\" padding_top=\"4\" css=\".vc_custom_1502368633123{background-color: #174a81 !important;}\"][vc_column][\/vc_column][\/vc_row][vc_row css_animation=\"\" row_type=\"row\" use_row_as_full_screen_section=\"no\" type=\"full_width\" angled_section=\"no\" text_align=\"left\" background_image_as_pattern=\"without_pattern\" css=\".vc_custom_1502367568932{background-image: url(http:\/\/esorib.com\/wp-content\/uploads\/2015\/04\/lienzo-inicio-2.png?id=17017) !important;}\"][vc_column][vc_row_inner row_type=\"row\" type=\"grid\" text_align=\"left\" css_animation=\"\"][vc_column_inner width=\"2\/3\" css=\".vc_custom_1504510295904{background-color: rgba(255,255,255,0.5) !important;*background-color: rgb(255,255,255) !important;}\"][vc_column_text css=\".vc_custom_1622799944889{padding-top: 15px !important;padding-right: 15px !important;padding-bottom: 15px !important;padding-left: 15px !important;background-image: url(http:\/\/esorib.com\/wp-content\/uploads\/2015\/04\/logo-lienzo-home.png?id=17023) !important;background-position: 0 0 !important;background-repeat: no-repeat !important;border-radius: 5px !important;}\"]\r\n<p style=\"margin: 4.3pt 0cm 0.0001pt; text-align: justify;\"><span style=\"font-size: 12pt; color: #174a81;\"><strong><span style=\"font-size: 14pt;\">Bienvenidos a ESORIB<\/span><\/strong>\r\n<\/span>\r\n<p style=\"margin: 4.3pt 0cm 0.0001pt; text-align: justify;\"><span style=\"font-size: 12pt; color: #174a81;\">Hace 32 a\u00f1os fundamos la <strong>EUROPEAN SCHOOL OF ORAL\u00a0 REHABILITATION, IMPLANTOLOGY AND BIOMATERIALS<\/strong>, lo que nos convierte en la escuela Decana en formaci\u00f3n de posgrado en Implantolog\u00eda y Rehabilitaci\u00f3n Oral.\r\nDurante estos 32 a\u00f1os hemos formado, de manera ininterrumpida a las j\u00f3venes promociones de odont\u00f3logos en el arte de la implantolog\u00eda y la rehabilitaci\u00f3n oral.<\/span>\r\n<p style=\"margin: 4.3pt 0cm 0.0001pt; text-align: justify;\"><span style=\"font-size: 12pt; color: #174a81;\">Al mismo tiempo, este curso nuestro M\u00e1ster de Oclusi\u00f3n y Prostodoncia cumple ya 25 a\u00f1os, mientras que el M\u00e1ster en Ortodoncia cumple 5.<\/span><\/p>\r\n<p style=\"margin: 4.3pt 0cm 0.0001pt; text-align: justify;\"><span style=\"font-size: 12pt; color: #174a81;\">Hoy m\u00e1s de 2000 ex-alumnos ejercen con \u00e9xito la especialidad en la que fueron formados en las aulas de <strong>ESORIB<\/strong>.\r\nEl objetivo de <strong>ESORIB<\/strong> es la formaci\u00f3n basada en la excelencia ofreciendo a nuestros alumnos unas s\u00f3lidas bases te\u00f3ricas junto a una exhaustiva pr\u00e1ctica cl\u00ednica que les capacitar\u00e1 para el trabajo diario de la especialidad de manera aut\u00f3noma.\r\nEn nuestras aulas los alumnos aprender\u00e1n a diagnosticar y ejecutar desde los casos simples a los m\u00e1s complejos en sus vertientes quir\u00fargicas, prostod\u00f3ncicas y periodontales.\r\nPara poder llevar a t\u00e9rmino este ambicioso plan, el programa dise\u00f1ado para el posgrado se divide en cursos te\u00f3ricos, pr\u00e1cticas precl\u00ednicas y pr\u00e1cticas cl\u00ednicas one-to-one gracias a un cuadro de profesores con m\u00e1s de 10 a\u00f1os de experiencia en la cl\u00ednica diaria.<\/span>\r\n<p style=\"margin: 4.3pt 0cm 0.0001pt; text-align: justify;\"><span style=\"font-size: 12pt; color: #174a81;\">En nombre de todo el claustro de profesores os damos la bienvenida a <strong>ESORIB.<\/strong><\/span><\/p>\r\n<p style=\"margin: 4.3pt 0cm 0.0001pt; text-align: justify;\"><span style=\"font-size: 12pt; color: #174a81;\"><strong>Jos\u00e9 Fco. Ballester Ferrandis<\/strong>\r\n<em>Director <\/em><\/span>\r\n\r\n[\/vc_column_text][\/vc_column_inner][vc_column_inner width=\"1\/6\"][\/vc_column_inner][vc_column_inner width=\"1\/6\"][\/vc_column_inner][\/vc_row_inner][\/vc_column][\/vc_row][vc_row css_animation=\"\" row_type=\"row\" use_row_as_full_screen_section=\"no\" type=\"full_width\" angled_section=\"no\" text_align=\"left\" background_image_as_pattern=\"without_pattern\" padding_top=\"4\" css=\".vc_custom_1502368633123{background-color: #174a81 !important;}\"][vc_column][\/vc_column][\/vc_row][vc_row css_animation=\"\" row_type=\"row\" use_row_as_full_screen_section=\"no\" type=\"full_width\" angled_section=\"no\" text_align=\"left\" background_image_as_pattern=\"without_pattern\" padding_top=\"4\" css=\".vc_custom_1502368608484{background-color: #4aa775 !important;}\"][vc_column][\/vc_column][\/vc_row][vc_row row_type=\"parallax\" parallax_content_width=\"in_grid\" text_align=\"left\" background_image=\"17036\" section_height=\"380\"][vc_column][vc_row_inner row_type=\"row\" type=\"grid\" text_align=\"center\" padding_top=\"82\" padding_bottom=\"32\" css_animation=\"\"][vc_column_inner width=\"1\/4\"][vc_separator type=\"transparent\" up=\"50\" down=\"0\"][vc_column_text]\r\n<p style=\"text-align: center;\"><span style=\"color: #000000;\"><span style=\"font-size: 85pt; font-family: tahoma, arial, helvetica, sans-serif;\">32<\/span><\/span><\/p>\r\n\r\n[\/vc_column_text][vc_separator type=\"transparent\" up=\"10\" down=\"0\"][vc_column_text]\r\n<h4 style=\"text-align: center;\"><span style=\"color: #000000; font-size: 24pt;\">A\u00f1os<\/span><\/h4>\r\n[\/vc_column_text][vc_separator type=\"small\" position=\"left\"][vc_column_text]\r\n<h6 style=\"text-align: left;\"><span style=\"color: #000000; font-size: 12pt;\">Impartiendo M\u00e1sters, Cursos ...<\/span><\/h6>\r\n[\/vc_column_text][\/vc_column_inner][vc_column_inner width=\"1\/4\"][vc_separator type=\"transparent\" up=\"50\" down=\"0\"][vc_column_text]\r\n<p style=\"text-align: center;\"><span style=\"color: #000000;\"><span style=\"font-size: 85pt; font-family: tahoma, arial, helvetica, sans-serif;\"><span style=\"font-size: 36pt;\">+<\/span>60<\/span><\/span><\/p>\r\n\r\n[\/vc_column_text][vc_separator type=\"transparent\" up=\"10\" down=\"0\"][vc_column_text]\r\n<h4 style=\"text-align: center;\"><span style=\"color: #000000; font-size: 18pt;\">Cursos y M\u00e1steres\u00a0<\/span><\/h4>\r\n[\/vc_column_text][vc_separator type=\"small\" position=\"left\"][vc_column_text]\r\n<h6 style=\"text-align: left;\"><span style=\"color: #000000; font-size: 12pt;\">Impartidos<\/span><\/h6>\r\n[\/vc_column_text][\/vc_column_inner][vc_column_inner width=\"1\/4\"][vc_separator type=\"transparent\" up=\"50\" down=\"0\"][vc_column_text]\r\n<p style=\"text-align: center;\"><span style=\"color: #000000;\"><span style=\"font-size: 85pt; font-family: tahoma, arial, helvetica, sans-serif;\"><span style=\"font-size: 36pt;\">+<\/span>50<\/span><\/span><\/p>\r\n\r\n[\/vc_column_text][vc_separator type=\"transparent\" up=\"10\" down=\"0\"][vc_column_text]\r\n<h4 style=\"text-align: center;\"><span style=\"color: #000000; font-size: 18pt;\">Profesionales<\/span><\/h4>\r\n[\/vc_column_text][vc_separator type=\"small\" position=\"left\"][vc_column_text]\r\n<h6 style=\"text-align: left;\"><span style=\"color: #000000; font-size: 12pt;\">En las distintas especialidades, colaboran con nosotros<\/span><\/h6>\r\n[\/vc_column_text][\/vc_column_inner][vc_column_inner width=\"1\/4\"][vc_separator type=\"transparent\" up=\"50\" down=\"0\"][vc_column_text]\r\n<p style=\"text-align: center;\"><span style=\"color: #000000;\"><span style=\"font-size: 85pt; font-family: tahoma, arial, helvetica, sans-serif;\"><span style=\"font-size: 36pt;\">+<\/span>2000<\/span><\/span><\/p>\r\n\r\n[\/vc_column_text][vc_separator type=\"transparent\" up=\"10\" down=\"0\"][vc_column_text]\r\n<h4 style=\"text-align: center;\"><span style=\"color: #000000; font-size: 18pt;\">Alumnos<\/span><\/h4>\r\n[\/vc_column_text][vc_separator type=\"small\" position=\"left\"][vc_column_text]\r\n<h6 style=\"text-align: left;\"><span style=\"color: #000000; font-size: 12pt;\">Se han formado en nuestro centro<\/span><\/h6>\r\n[\/vc_column_text][\/vc_column_inner][\/vc_row_inner][\/vc_column][\/vc_row][vc_row css_animation=\"\" row_type=\"row\" use_row_as_full_screen_section=\"no\" type=\"grid\" angled_section=\"no\" text_align=\"left\" background_image_as_pattern=\"without_pattern\" padding_top=\"72\" css=\".vc_custom_1502443487663{margin-top: -50px !important;margin-bottom: -60px !important;}\"][vc_column][vc_separator type=\"transparent\" up=\"40\" down=\"0\"][vc_tabs style=\"boxed\"][vc_tab title=\"Cursos\" tab_id=\"0612a36c-c213-8\"][vc_empty_space height=\"10px\"][vc_column_text]\r\n<p style=\"text-align: center;\"><span style=\"color: #174a81;\"><strong><span style=\"font-size: 14pt;\">T\u00e9cnicos Superiores en Pr\u00f3tesis Dental<\/span><\/strong><\/span><\/p>\r\n\r\n[\/vc_column_text][vc_separator type=\"small\" position=\"left\"][vc_empty_space height=\"15px\"][vc_column_text]\r\n<p style=\"text-align: justify;\">En los estudios de T\u00e9cnico Superior en Pr\u00f3tesis Dental se combinan clases te\u00f3ricas y pr\u00e1cticas. Es por ello que E.S.O.R.I.B. C.F.P., pone a vuestra disposici\u00f3n unas modernas instalaciones dotadas con los mejores medios audiovisuales para el desarrollo de las clases te\u00f3ricas, un laboratorio de vanguardia para efectuar las clases pr\u00e1cticas en condiciones \u00f3ptimas y un equipo docente altamente cualificado que garantizan una excelente ense\u00f1anza.<\/p>\r\n\r\n[\/vc_column_text][vc_empty_space][vc_separator type=\"transparent\" up=\"10\" down=\"0\"][vc_btn title=\"Ver Informaci\u00f3n \" color=\"green\" size=\"sm\" align=\"center\" i_icon_fontawesome=\"fa fa-info-circle\" add_icon=\"true\" link=\"url:http%3A%2F%2Fesorib.com%2Findex.php%2Fformacion-y-masters%2Ftecnico-superior-en-protesis-dentales%2F|||\"][\/vc_tab][\/vc_tabs][vc_separator type=\"transparent\" up=\"72\" down=\"0\"][\/vc_column][\/vc_row][vc_row css_animation=\"\" row_type=\"row\" use_row_as_full_screen_section=\"no\" type=\"grid\" angled_section=\"no\" text_align=\"left\" background_image_as_pattern=\"without_pattern\" css=\".vc_custom_1502352145473{margin-top: 10px !important;margin-bottom: -15px !important;}\"][vc_column][vc_text_separator title=\"\u00daltimas Actividades\" i_icon_fontawesome=\"fa fa-calendar\" i_size=\"lg\" border=\"no\" add_icon=\"true\" background_color=\"#4aa775\" el_id=\"septex\"][\/vc_column][\/vc_row][vc_row css_animation=\"\" row_type=\"row\" use_row_as_full_screen_section=\"yes\" type=\"grid\" angled_section=\"no\" text_align=\"left\" background_image=\"17351\" background_image_as_pattern=\"without_pattern\"][vc_column width=\"1\/2\"][\/vc_column][vc_column width=\"1\/2\" css=\".vc_custom_1502294608586{background-color: #424242 !important;}\"][vc_empty_space height=\"50px\"][vc_column_text]\r\n<h2 style=\"text-align: left;\"><span style=\"color: #ffffff;\">Labor Dental<\/span><\/h2>\r\n[\/vc_column_text][vc_separator type=\"small\" position=\"left\"][vc_column_text]\r\n<h4 style=\"text-align: left;\"><span style=\"color: #ffffff;\">Formaci\u00f3n Continuada<\/span><\/h4>\r\n[\/vc_column_text][vc_empty_space][vc_row_inner row_type=\"row\" type=\"full_width\" text_align=\"left\" css_animation=\"\"][vc_column_inner width=\"1\/2\"][vc_btn title=\"Ir al los art\u00edculos\" color=\"green\" size=\"sm\" align=\"center\" i_icon_fontawesome=\"fa fa-arrow-right\" add_icon=\"true\" link=\"url:http%3A%2F%2Fesorib.com%2Findex.php%2Flabor-dental-formacion-continuada%2Farticulos%2F|||\"][\/vc_column_inner][vc_column_inner width=\"1\/2\"][vc_btn title=\"Ir al los formularios\" color=\"green\" size=\"sm\" align=\"center\" i_icon_fontawesome=\"fa fa-arrow-right\" add_icon=\"true\" link=\"url:http%3A%2F%2Fesorib.com%2Findex.php%2Flabor-dental-formacion-continuada%2Fformularios-para-obtencion-de-creditos-de-formacion-continua%2F|||\"][\/vc_column_inner][\/vc_row_inner][vc_empty_space height=\"50px\"][\/vc_column][\/vc_row][vc_row css_animation=\"\" row_type=\"row\" use_row_as_full_screen_section=\"no\" type=\"grid\" angled_section=\"no\" text_align=\"left\" background_image=\"17328\" background_image_as_pattern=\"without_pattern\" padding_top=\"35\" padding_bottom=\"35\"][vc_column offset=\"vc_col-lg-offset-3 vc_col-lg-6 vc_col-md-offset-2 vc_col-md-8\" css=\".vc_custom_1502358179585{background-color: rgba(249,249,249,0.18) !important;*background-color: rgb(249,249,249) !important;}\"][vc_column_text]\r\n<p style=\"text-align: center;\"><span style=\"color: #ffffff;\"><strong><span style=\"font-size: 18pt;\">Solicite Informaci\u00f3n<\/span><\/strong><\/span><\/p>\r\n\r\n[\/vc_column_text]<div role=\"form\" class=\"wpcf7\" id=\"wpcf7-f17291-o1\" lang=\"es-ES\" dir=\"ltr\">\n<div class=\"screen-reader-response\"><\/div>\n<form action=\"\/index.php\/wp-json\/wp\/v2\/pages\/17306#wpcf7-f17291-o1\" method=\"post\" class=\"wpcf7-form cf7_custom_style_1\" novalidate=\"novalidate\">\n<div style=\"display: none;\">\n<input type=\"hidden\" name=\"_wpcf7\" value=\"17291\" \/>\n<input type=\"hidden\" name=\"_wpcf7_version\" value=\"5.1.1\" \/>\n<input type=\"hidden\" name=\"_wpcf7_locale\" value=\"es_ES\" \/>\n<input type=\"hidden\" name=\"_wpcf7_unit_tag\" value=\"wpcf7-f17291-o1\" \/>\n<input type=\"hidden\" name=\"_wpcf7_container_post\" value=\"0\" \/>\n<input type=\"hidden\" name=\"g-recaptcha-response\" value=\"\" \/>\n<\/div>\n<p><label><span class=\"wpcf7-form-control-wrap your-name\"><input type=\"text\" name=\"your-name\" value=\"\" size=\"40\" class=\"wpcf7-form-control wpcf7-text wpcf7-validates-as-required\" aria-required=\"true\" aria-invalid=\"false\" placeholder=\"Nombre\" \/><\/span><\/label><br \/>\n<label><span class=\"wpcf7-form-control-wrap your-email\"><input type=\"email\" name=\"your-email\" value=\"\" size=\"40\" class=\"wpcf7-form-control wpcf7-text wpcf7-email wpcf7-validates-as-required wpcf7-validates-as-email\" aria-required=\"true\" aria-invalid=\"false\" placeholder=\"E-mail\" \/><\/span> <\/label><br \/>\n<span class=\"wpcf7-form-control-wrap areatexto\"><textarea name=\"areatexto\" cols=\"40\" rows=\"4\" class=\"wpcf7-form-control wpcf7-textarea\" id=\"Mensaje\" aria-invalid=\"false\" placeholder=\"Mensaje\"><\/textarea><\/span><\/p>\n\n<p> <input type=\"submit\" value=\"Enviar\" class=\"wpcf7-form-control wpcf7-submit\" \/><\/p>\n<input type='hidden' class='wpcf7-pum' value='{\"closepopup\":false,\"closedelay\":0,\"openpopup\":false,\"openpopup_id\":0}' \/><div class=\"wpcf7-response-output wpcf7-display-none\"><\/div><\/form><\/div>[\/vc_column][\/vc_row][vc_row css_animation=\"\" row_type=\"row\" use_row_as_full_screen_section=\"no\" type=\"full_width\" angled_section=\"no\" text_align=\"left\" background_image_as_pattern=\"without_pattern\"][vc_column][vc_column_text]<\/div>\r\n<\/div>\r\n<\/div>\r\n<\/div>\r\n<\/div>\r\n<\/div>\r\n<\/div>\r\n<\/div>\r\n\n<p>[\/vc_column_text][\/vc_column][\/vc_row]<\/p>\n","protected":false},"excerpt":{"rendered":"<p>[vc_row css_animation=\u00bb\u00bb row_type=\u00bbrow\u00bb use_row_as_full_screen_section=\u00bbno\u00bb type=\u00bbfull_width\u00bb angled_section=\u00bbno\u00bb text_align=\u00bbleft\u00bb background_image_as_pattern=\u00bbwithout_pattern\u00bb][vc_column][vc_column_text] [vc_row css_animation=\u00bb\u00bb row_type=\u00bbrow\u00bb use_row_as_full_screen_section=\u00bbno\u00bb type=\u00bbfull_width\u00bb angled_section=\u00bbno\u00bb text_align=\u00bbleft\u00bb background_image_as_pattern=\u00bbwithout_pattern\u00bb padding_top=\u00bb80&#8243; padding_bottom=\u00bb80&#8243; css=\u00bb.vc_custom_1502440921231{background-image: url(http:\/\/esorib.com\/wp-content\/uploads\/2017\/08\/prueba-2-1.jpg?id=17330) !important;}\u00bb][vc_column][vc_row_inner row_type=\u00bbrow\u00bb type=\u00bbgrid\u00bb text_align=\u00bbleft\u00bb css_animation=\u00bbelement_from_bottom\u00bb transition_delay=\u00bb1000&#8243;][vc_column_inner width=\u00bb3\/4&#8243;][vc_column_text css=\u00bb.vc_custom_1562752342798{padding-right: 50px !important;padding-left: 50px !important;}\u00bb][\/vc_column_text][vc_column_inner width=\u00bb1\/4&#8243;][vc_btn title=\u00bbLAST NEWS\u00bb color=\u00bbmulled-wine\u00bb size=\u00bbxs\u00bb align=\u00bbright\u00bb button_block=\u00bbtrue\u00bb link=\u00bburl:http%3A%2F%2Fesorib.com%2Findex.php%2Flast-news%2F|||\u00bb css=\u00bb.vc_custom_1517823353396{padding-right: 20px !important;padding-left: 20px !important;}\u00bb][vc_empty_space&#8230;<\/p>\n","protected":false},"author":1,"featured_media":0,"parent":0,"menu_order":0,"comment_status":"closed","ping_status":"closed","template":"full_width.php","meta":[],"_links":{"self":[{"href":"https:\/\/esorib.com\/index.php\/wp-json\/wp\/v2\/pages\/17306"}],"collection":[{"href":"https:\/\/esorib.com\/index.php\/wp-json\/wp\/v2\/pages"}],"about":[{"href":"https:\/\/esorib.com\/index.php\/wp-json\/wp\/v2\/types\/page"}],"author":[{"embeddable":true,"href":"https:\/\/esorib.com\/index.php\/wp-json\/wp\/v2\/users\/1"}],"replies":[{"embeddable":true,"href":"https:\/\/esorib.com\/index.php\/wp-json\/wp\/v2\/comments?post=17306"}],"version-history":[{"count":106,"href":"https:\/\/esorib.com\/index.php\/wp-json\/wp\/v2\/pages\/17306\/revisions"}],"predecessor-version":[{"id":19032,"href":"https:\/\/esorib.com\/index.php\/wp-json\/wp\/v2\/pages\/17306\/revisions\/19032"}],"wp:attachment":[{"href":"https:\/\/esorib.com\/index.php\/wp-json\/wp\/v2\/media?parent=17306"}],"curies":[{"name":"wp","href":"https:\/\/api.w.org\/{rel}","templated":true}]}}